{"id":195,"date":"2019-12-03T17:58:18","date_gmt":"2019-12-03T17:58:18","guid":{"rendered":"https:\/\/tprince.net\/santin\/?page_id=195"},"modified":"2019-12-03T17:58:18","modified_gmt":"2019-12-03T17:58:18","slug":"sucroalcooleira","status":"publish","type":"page","link":"https:\/\/gruposantin.com.br\/espanol\/sucroalcooleira\/","title":{"rendered":"Sucroalcooleira"},"content":{"rendered":"<p>[et_pb_section bb_built=\u00bb1&#8243; next_background_color=\u00bb#ffffff\u00bb _builder_version=\u00bb3.6&#8243; background_image=\u00bbhttp:\/\/gruposantin.com.br\/espanol\/wp-content\/uploads\/2019\/12\/6865899-world-map-wallpaper1.jpg\u00bb][et_pb_row][et_pb_column type=\u00bb4_4&#8243;][et_pb_text _builder_version=\u00bb3.6&#8243; background_layout=\u00bbdark\u00bb]<\/p>\n<h1>Sucroalcooleira<\/h1>\n<p>[\/et_pb_text][\/et_pb_column][\/et_pb_row][\/et_pb_section][et_pb_section bb_built=\u00bb1&#8243; fullwidth=\u00bboff\u00bb specialty=\u00bboff\u00bb prev_background_color=\u00bb#000000&#8243;][et_pb_row][et_pb_column type=\u00bb4_4&#8243;][et_pb_text _builder_version=\u00bb3.6&#8243;]<\/p>\n<h3>Cliente: ODEBRECHT AGROINDUSTRIAL<\/h3>\n<ul>\n<li>Projeto: \u00c1gua Emendada \/ GO<\/li>\n<\/ul>\n<p>[\/et_pb_text][et_pb_toggle _builder_version=\u00bb3.6&#8243; title=\u00bbDetalhes da Obra\u00bb]<\/p>\n<h5 class=\"et_pb_toggle_title\">Detalhes da Obra<\/h5>\n<div class=\"et_pb_toggle_content clearfix\">\n<p><strong>Implanta\u00e7\u00e3o de uma Usina Termel\u00e9trica de Biomassa 120 MW<\/strong><\/p>\n<ul>\n<li>Montagem e Instala\u00e7\u00e3o do Sistema de Fermenta\u00e7\u00e3o, sendo 8 Dornas de 2.000 m\u00b3 cada;<\/li>\n<li>Montagem e Instala\u00e7\u00e3o do Sistema de Centrifuga\u00e7\u00e3o de Levedura;<\/li>\n<li>Montagem e Instala\u00e7\u00e3o dos Pr\u00e9-Fermentadores, sendo 3 unidades de 200 m\u00b3 cada;<\/li>\n<li>Montagem e Instala\u00e7\u00e3o do Sistema de Evapora\u00e7\u00e3o do Caldo com Sistema Integrado de Multivias para o Vapor e Tubula\u00e7\u00f5es de grande di\u00e2metro \u2013 at\u00e9 60\u201d;<\/li>\n<li>Montagem e Instala\u00e7\u00e3o dos Decantadores de Caldo \u2013 02 unidades cap. 600 m\u00b3 cada;<\/li>\n<li>Montagem e Instala\u00e7\u00e3o do Sistema de Filtros Separadores de Part\u00edculas;<\/li>\n<li>Montagem e Instala\u00e7\u00e3o do Sistema de Filtra\u00e7\u00e3o \u00e0 V\u00e1cuo;<\/li>\n<li>Interliga\u00e7\u00f5es do Sistema de Torres de Resfriamento; Interliga\u00e7\u00e3o do Sistema de Vapor de alta press\u00e3o \u2013 67,0 kgf\/cm\u00b2 interligando nas turbinas de energia de 30 MW, sendo duas turbinas;<\/li>\n<li>Interliga\u00e7\u00e3o do sistema de rebaixamento de vapor com aux\u00edlio de v\u00e1lvulas condicionadoras, de 67,0 kgf\/cm\u00b2 para 21 kgf\/cm\u00b2 e 1,5 kgf\/cm\u00b2;<\/li>\n<li>Fabrica\u00e7\u00e3o e Montagem dos Tanques de Etanol cap 10.000 m\u00b3 e 20.000 m\u00b3 com sistema integrado de inc\u00eandio;<\/li>\n<li>Montagem e Instala\u00e7\u00e3o do Difusor em a\u00e7o inox de cap. 15.000 ton\/dia;<\/li>\n<li>Montagem do Sistema de Alimenta\u00e7\u00e3o de Cana (Mesa Alimentadora e Esteira Transportadora);<\/li>\n<li>Montagem e Instala\u00e7\u00e3o do Sistema de Aparelho de Destila\u00e7\u00e3o de \u00c1lcool \u2013 cap. De 1.000 m\u00b3 cada.<\/li>\n<\/ul>\n<\/div>\n<p>[\/et_pb_toggle][et_pb_gallery _builder_version=\u00bb3.6&#8243; gallery_ids=\u00bb196,197,198,199&#8243; show_title_and_caption=\u00bboff\u00bb show_pagination=\u00bboff\u00bb zoom_icon_color=\u00bb#2ea3f2&#8243; hover_overlay_color=\u00bbrgba(255,255,255,0.9)\u00bb \/][\/et_pb_column][\/et_pb_row][et_pb_row][et_pb_column type=\u00bb4_4&#8243;][et_pb_text _builder_version=\u00bb3.6&#8243;]<\/p>\n<h3>Cliente: ODEBRECHT AGROINDUSTRIAL<\/h3>\n<ul>\n<li>Projeto: Usina Santa Luzia<\/li>\n<\/ul>\n<p>[\/et_pb_text][et_pb_toggle _builder_version=\u00bb3.6&#8243; title=\u00bbDetalhes da Obra\u00bb]<\/p>\n<h5 class=\"et_pb_toggle_title\">Detalhes da Obra<\/h5>\n<div class=\"et_pb_toggle_content clearfix\">\n<ul>\n<li>Sistema de Armazenamento de \u00c1lcool:\n<ul>\n<li>02 Tanques cap. 20.000 m\u00b3 cada;<\/li>\n<li>Interliga\u00e7\u00e3o do Sistema de Inc\u00eandio e \u00c1lcool.<\/li>\n<\/ul>\n<\/li>\n<li>Interliga\u00e7\u00f5es do Sistema de Torres de Resfriamento;<\/li>\n<li>Interliga\u00e7\u00e3o do Sistema de Vapor de alta press\u00e3o \u2013 67,0 kgf\/cm\u00b2 interligando nas turbinas de energia de 30 MW, sendo duas turbinas;<\/li>\n<li>Interliga\u00e7\u00e3o do sistema de rebaixamento de vapor com aux\u00edlio de v\u00e1lvulas condicionadoras, de 67,0 kgf\/cm\u00b2 para 21 kgf\/cm\u00b2 e 1,5 kgf\/cm\u00b2;<\/li>\n<li>Instala\u00e7\u00e3o e Montagem do Sistema de Baga\u00e7o de Cana;<\/li>\n<li>Instala\u00e7\u00e3o e Montagem do Sistema de Limpeza de Cana e Seco;<\/li>\n<li>Fabrica\u00e7\u00e3o e Montagem de 01 Dorna de Fermenta\u00e7\u00e3o de 2.000 m\u00b3 com interliga\u00e7\u00e3o no sistema existente;<\/li>\n<li>Sistema de Prote\u00e7\u00e3o e Combate \u00e0 Inc\u00eandio em toda \u00e1rea industrial.<\/li>\n<\/ul>\n<\/div>\n<p>[\/et_pb_toggle][et_pb_gallery _builder_version=\u00bb3.6&#8243; gallery_ids=\u00bb200,201,202,203&#8243; show_title_and_caption=\u00bboff\u00bb show_pagination=\u00bboff\u00bb zoom_icon_color=\u00bb#2ea3f2&#8243; hover_overlay_color=\u00bbrgba(255,255,255,0.9)\u00bb \/][\/et_pb_column][\/et_pb_row][et_pb_row][et_pb_column type=\u00bb4_4&#8243;][et_pb_text _builder_version=\u00bb3.6&#8243;]<\/p>\n<h3>Cliente: ODEBRECHT AGROINDUSTRIAL<\/h3>\n<ul>\n<li>Projeto: Usina Eldorado<\/li>\n<\/ul>\n<p>[\/et_pb_text][et_pb_toggle _builder_version=\u00bb3.6&#8243; title=\u00bbDetalhes da Obra\u00bb]<\/p>\n<h5 class=\"et_pb_toggle_title\">Detalhes da Obra<\/h5>\n<div class=\"et_pb_toggle_content clearfix\">\n<ul>\n<li>Montagem e Instala\u00e7\u00e3o do Sistema de Cogera\u00e7\u00e3o de Energia:\n<ul>\n<li>Turbogerador de Contrapress\u00e3o \u2013 55 MW;<\/li>\n<li>Turbogerador de Condensa\u00e7\u00e3o \u2013 55 MW;<\/li>\n<li>Fornecimento e Montagem de Pipe-Racks e estruturas da casa de for\u00e7a;<\/li>\n<li>Interliga\u00e7\u00e3o do Sistema de Vapor de alta press\u00e3o 100 kgf\/cm\u00b2 entre Caldeira e Casa de For\u00e7a;<\/li>\n<li>Interliga\u00e7\u00e3o do Sistema de Torres de Resfriamento;<\/li>\n<li>Interliga\u00e7\u00e3o do Sistema de Rebaixamento de Vapor;<\/li>\n<li>Fornecimento e Montagem de Piso da Casa de For\u00e7a.<\/li>\n<\/ul>\n<\/li>\n<li>Fabrica\u00e7\u00e3o, Montagem e Instala\u00e7\u00e3o do Sistema de Fermenta\u00e7\u00e3o e Destila\u00e7\u00e3o:\n<ul>\n<li>8 Dornas de 2.000 m\u00b3 cada;<\/li>\n<li>Montagem e Instala\u00e7\u00e3o do Sistema de Centrifuga\u00e7\u00e3o de Levedura;<\/li>\n<li>Montagem e Instala\u00e7\u00e3o dos Pr\u00e9-Fermentadores, sendo 3 unidades de 200 m\u00b3 cada;<\/li>\n<li>Interliga\u00e7\u00f5es do Sistema de Torres de Resfriamento;<\/li>\n<li>Montagem e Instala\u00e7\u00e3o do Sistema de Aparelho de Destila\u00e7\u00e3o de \u00c1lcool \u2013 cap. De 1.500 m\u00b3 cada;<\/li>\n<li>Sistema de Prote\u00e7\u00e3o e Combate \u00e0 Inc\u00eandio em toda a \u00e1rea industrial e Armazenamento de \u00c1lcool.<\/li>\n<\/ul>\n<\/li>\n<li>Montagem e Instala\u00e7\u00e3o do Sistema de Evapora\u00e7\u00e3o e Decanta\u00e7\u00e3o do Caldo:\n<ul>\n<li>Montagem e Instala\u00e7\u00e3o do Sistema de Evapora\u00e7\u00e3o do Caldo com Sistema Integrado de Multivias para o Vapor e\u00a0Tubula\u00e7\u00f5es de grande di\u00e2metro \u2013 at\u00e9 70\u201d;<\/li>\n<li>Fabrica\u00e7\u00e3o, Montagem e Instala\u00e7\u00e3o do Decantador de Caldo \u2013 01 unidade cap. 600 m\u00b3;<\/li>\n<li>Montagem e Instala\u00e7\u00e3o do Sistema de Filtros Separadores de Part\u00edculas;<\/li>\n<li>Montagem e Instala\u00e7\u00e3o do Sistema de Filtra\u00e7\u00e3o \u00e0 V\u00e1cuo.<\/li>\n<\/ul>\n<\/li>\n<li>Sistema de Armazenamento de \u00c1lcool:\n<ul>\n<li>02 Tanques cap. 20.000 m\u00b3 cada;<\/li>\n<li>Interliga\u00e7\u00e3o do Sistema de Inc\u00eandio e \u00c1lcool.<\/li>\n<\/ul>\n<\/li>\n<\/ul>\n<\/div>\n<p>[\/et_pb_toggle][et_pb_gallery _builder_version=\u00bb3.6&#8243; gallery_ids=\u00bb204,205,206,207&#8243; show_title_and_caption=\u00bboff\u00bb show_pagination=\u00bboff\u00bb zoom_icon_color=\u00bb#2ea3f2&#8243; hover_overlay_color=\u00bbrgba(255,255,255,0.9)\u00bb \/][\/et_pb_column][\/et_pb_row][\/et_pb_section]<\/p>\n","protected":false},"excerpt":{"rendered":"<p><div class=\"et_pb_row et_pb_row_0 et_pb_row_empty\">\n\t\t\t\t\n\t\t\t\t\n\t\t\t\t\n\t\t\t\t\n\t\t\t\t\n\t\t\t<\/div> Sucroalcooleira <div class=\"et_pb_row et_pb_row_1 et_pb_row_empty\">\n\t\t\t\t\n\t\t\t\t\n\t\t\t\t\n\t\t\t\t\n\t\t\t\t\n\t\t\t<\/div> Cliente: ODEBRECHT AGROINDUSTRIAL Projeto: \u00c1gua Emendada \/ GO Detalhes da Obra Implanta\u00e7\u00e3o de uma Usina Termel\u00e9trica de Biomassa 120 MW Montagem e Instala\u00e7\u00e3o do Sistema de Fermenta\u00e7\u00e3o, sendo 8 Dornas de 2.000 m\u00b3 cada; Montagem e Instala\u00e7\u00e3o do Sistema de Centrifuga\u00e7\u00e3o de Levedura; Montagem e Instala\u00e7\u00e3o dos Pr\u00e9-Fermentadores, sendo 3 unidades de [&hellip;]<\/p>\n","protected":false},"author":1,"featured_media":0,"parent":0,"menu_order":0,"comment_status":"closed","ping_status":"closed","template":"","meta":{"_et_pb_use_builder":"on","_et_pb_old_content":"","_et_gb_content_width":"","footnotes":""},"class_list":["post-195","page","type-page","status-publish","hentry"],"_links":{"self":[{"href":"https:\/\/gruposantin.com.br\/espanol\/wp-json\/wp\/v2\/pages\/195","targetHints":{"allow":["GET"]}}],"collection":[{"href":"https:\/\/gruposantin.com.br\/espanol\/wp-json\/wp\/v2\/pages"}],"about":[{"href":"https:\/\/gruposantin.com.br\/espanol\/wp-json\/wp\/v2\/types\/page"}],"author":[{"embeddable":true,"href":"https:\/\/gruposantin.com.br\/espanol\/wp-json\/wp\/v2\/users\/1"}],"replies":[{"embeddable":true,"href":"https:\/\/gruposantin.com.br\/espanol\/wp-json\/wp\/v2\/comments?post=195"}],"version-history":[{"count":1,"href":"https:\/\/gruposantin.com.br\/espanol\/wp-json\/wp\/v2\/pages\/195\/revisions"}],"predecessor-version":[{"id":208,"href":"https:\/\/gruposantin.com.br\/espanol\/wp-json\/wp\/v2\/pages\/195\/revisions\/208"}],"wp:attachment":[{"href":"https:\/\/gruposantin.com.br\/espanol\/wp-json\/wp\/v2\/media?parent=195"}],"curies":[{"name":"wp","href":"https:\/\/api.w.org\/{rel}","templated":true}]}}